9 divide 45?
True
Is 2556 a multiple of 20?
False
Is 26 a multiple of 13?
True
Is 18653 a multiple of 9?
False
Is 762 a multiple of 15?
False
Is 9 a factor of 109089?
True
Does 15 divide 22478?
False
Does 84 divide 252?
True
Is 50 a multiple of 50?
True
Is 4414 a multiple of 102?
False
Does 15 divide 525?
True
Is 406 a multiple of 62?
False
Does 6 divide 6174?
True
Is 259 a multiple of 13?
False
Does 56 divide 1064?
True
Does 3 divide 1613?
False
Does 262 divide 17232?
False
Does 17 divide 99093?
True
Is 5 a factor of 4160?
True
Is 351 a multiple of 9?
True
Is 21708 a multiple of 162?
True
Is 1187 a multiple of 12?
False
Is 335 a multiple of 5?
True
Does 4 divide 161?
False
Is 17 a factor of 476?
True
Does 19 divide 4351?
True
Does 54 divide 1678?
False
Is 14 a factor of 15078?
True
Is 66396 a multiple of 66?
True
Is 2 a factor of 25?
False
Does 14 divide 286?
False
Is 10 a factor of 642?
False
Is 2940 a multiple of 30?
True
Does 35 divide 945?
True
Is 7 a factor of 624?
False
Does 33 divide 4158?
True
Does 15 divide 4800?
True
Is 4167 a multiple of 38?
False
Is 20 a factor of 30660?
True
Is 66 a factor of 958?
False
Does 13 divide 4012?
False
Does 28 divide 42226?
False
Is 21 a factor of 801?
False
Is 11 a factor of 2074?
False
Does 7 divide 1157?
False
Is 46 a factor of 4968?
True
Does 72 divide 21240?
True
Is 31966 a multiple of 38?
False
Does 7 divide 212?
False
Does 18 divide 19637?
False
Is 12916 a multiple of 306?
False
Is 20 a factor of 440?
True
Is 86 a factor of 48848?
True
Is 157 a multiple of 20?
False
Does 136 divide 24130?
False
Is 25 a factor of 250?
True
Does 14 divide 9255?
False
Does 8 divide 794?
False
Is 10 a factor of 4826?
False
Is 1449 a multiple of 7?
True
Is 9 a factor of 2553?
False
Is 32 a factor of 10490?
False
Is 3818 a multiple of 22?
False
Does 15 divide 5212?
False
Is 19 a factor of 7637?
False
Does 18 divide 936?
True
Is 32 a factor of 4352?
True
Does 7 divide 259?
True
Is 66 a factor of 40260?
True
Is 123 a factor of 7134?
True
Is 3243 a multiple of 47?
True
Is 287 a multiple of 24?
False
Does 50 divide 11550?
True
Does 8 divide 58?
False
Does 6 divide 5692?
False
Does 43 divide 20845?
False
Is 87 a factor of 870?
True
Is 2647 a multiple of 89?
False
Does 23 divide 27528?
False
Does 37 divide 1665?
True
Is 459 a multiple of 17?
True
Does 8 divide 88?
True
Does 9 divide 724?
False
Is 13708 a multiple of 5?
False
Is 1354 a multiple of 77?
False
Does 28 divide 35972?
False
Is 48 a factor of 4549?
False
Does 6 divide 128?
False
Is 14 a factor of 126?
True
Is 12 a factor of 41256?
True
Is 61 a factor of 1342?
True
Is 138 a factor of 14490?
True
Is 3976 a multiple of 7?
True
Is 3100 a multiple of 53?
False
Does 22 divide 1078?
True
Does 5 divide 650?
True
Is 32 a factor of 4288?
True
Is 34976 a multiple of 8?
True
Is 81009 a multiple of 74?
False
Is 14 a factor of 590?
False
Is 71476 a multiple of 167?
True
Does 13 divide 8720?
False
Is 22 a factor of 682?
True
Is 66 a factor of 22838?
False
Is 1040 a multiple of 193?
False
Is 11 a factor of 40381?
True
Is 10337 a multiple of 4?
False
Is 3048 a multiple of 12?
True
Does 4 divide 342?
False
Is 1248 a multiple of 99?
False
Does 175 divide 66727?
False
Does 63 divide 56730?
False
Is 106 a factor of 4982?
True
Does 7 divide 15288?
True
Is 19 a factor of 524?
False
Is 20440 a multiple of 70?
True
Does 45 divide 2340?
True
Is 4481 a multiple of 133?
False
Is 25 a factor of 5251?
False
Is 916 a multiple of 10?
False
Is 44 a factor of 57596?
True
Does 4 divide 24509?
False
Is 13258 a multiple of 65?
False
Is 3 a factor of 1307?
False
Is 444 a multiple of 37?
True
Is 1449 a multiple of 10?
False
Is 300 a multiple of 4?
True
Is 2655 a multiple of 9?
True
Does 31 divide 2726?
False
Is 2772 a multiple of 84?
True
Is 2102 a multiple of 14?
False
Is 638 a multiple of 3?
False
Is 2185 a multiple of 115?
True
Is 6 a factor of 636?
True
Is 4 a factor of 1427?
False
Does 9 divide 4986?
True
Is 59 a factor of 360?
False
Does 9 divide 417?
False
Is 2390 a multiple of 46?
False
Is 261 a multiple of 18?
False
Is 14 a factor of 13180?
False
Is 156 a multiple of 7?
False
Is 19 a factor of 8512?
True
Is 731 a multiple of 17?
True
Does 143 divide 2883?
False
Does 13 divide 26?
True
Is 2600 a multiple of 100?
True
Is 1449 a multiple of 55?
False
Does 20 divide 1260?
True
Is 2545 a multiple of 59?
False
Does 43 divide 2236?
True
Does 2 divide 173?
False
Is 31 a factor of 2995?
False
Is 13 a factor of 682?
False
Is 31 a factor of 8477?
False
Is 4 a factor of 189?
False
Is 8619 a multiple of 13?
True
Does 10 divide 130?
True
Does 13 divide 5096?
True
Is 8 a factor of 383?
False
Is 5 a factor of 690?
True
Does 4 divide 1230?
False
Is 6903 a multiple of 13?
True
Is 11193 a multiple of 58?
False
Is 63 a factor of 7308?
True
Is 28 a factor of 448?
True
Does 45 divide 1189?
False
Does 14 divide 551?
False
Is 2880 a multiple of 3?
True
Is 46 a factor of 5635?
False
Does 64 divide 5184?
True
Is 1405 a multiple of 4?
False
Is 5 a factor of 16792?
False
Does 33 divide 990?
True
Is 3507 a multiple of 167?
True
Is 42416 a multiple of 176?
True
Is 1728 a multiple of 21?
False
Does 4 divide 368?
True
Is 673 a multiple of 20?
False
Is 16 a factor of 3601?
False
Is 15 a factor of 1312?
False
Is 145 a multiple of 28?
False
Does 63 divide 2331?
True
Does 39 divide 145922?
False
Is 2 a factor of 165?
False
Is 6 a factor of 789?
False
Is 42 a factor of 172?
False
Does 3 divide 275?
False
Is 504 a multiple of 63?
True
Is 4 a factor of 33?
False
Is 1788 a multiple of 6?
True
Is 1479 a multiple of 40?
False
Is 11850 a multiple of 50?
True
Is 3624 a multiple of 70?
False
Does 8 divide 4247?
False
Is 25 a factor of 248?
False
Is 9 a factor of 5824?
False
Is 8 a factor of 365?
False
Does 9 divide 459?
True
Is 140072 a multiple of 24?
False
Is 762 a multiple of 8?
False
Is 8 a factor of 259?
False
Is 1326 a multiple of 13?
True
Is 5435 a multiple of 131?
False
Is 13 a factor of 8589?
False
Is 10 a factor of 2200?
True
Does 7 divide 609?
True
Is 413 a multiple of 59?
True
Does 116 divide 7419?
False
Does 40 divide 36640?
True
Is 109 a factor of 14388?
True
Is 13 a factor of 1069?
False
Is 12 a factor of 8834?
False
Is 6 a factor of 1848?
True
Does 23 divide 230?
True
Is 28 a factor of 19488?
True
Is 3 a factor of 3021?
True
Is 17 a factor of 275?
False
Is 116 a factor of 8352?
True
Is 11 a factor of 368?
False
Is 22 a factor of 1273?
False
Is 1481 a multiple of 9?
False
Is 25640 a multiple of 20?
True
Does 14 divide 664?
False
Is 20 a factor of 771?
False
Is 1546 a multiple of 77?
False
Is 748 a multiple of 34?
True
Is 101277 a multiple of 363?
True
Is 8 a factor of 352?
True
Is 15884 a multiple of 117?
False
Is 40662 a multiple of 165?
False
Is 973 a multiple of 16?
False
Does 13 divide 706?
False
Does 23 divide 548?
False
Is 2035 a multiple of 11?
True
Does 38 divide 77026?
True
Is 4 a factor of 2510?
False
Is 12192 a multiple of 127?
True
Is 1287 a multiple of 39?
True
Is 30 a factor of 20600?
False
Does 11 divide 2068?
True
Does 19 divide 8968?
True
Is 12 a factor of 59?
False
Does 37 divide 2923?
True
Is 38 a multiple of 3?
False
Does 14 divide 17052?
True
Does 69 divide 1589?
False
Does 41 divide 22700?
False
Does 24 divide 9504?
True
Does 18 divide 4968?
True
Does 67 divide 631?
False
Does 310 divide 43090?
True
Does 4 divide 154?
False
Is 122 a factor of 29677?
False
Is 12816 a multiple of 86?
False
Does 41 divide 26117?
True
Does 72 divide 7200?
True
Is 4142 a multiple of 83?
False
Is 14 a factor of 273?
False
Does 7 divide 746?
False
Is 27 a factor of 594?
True
Does 53 divide 1119?
False
Does 82 divide 8305?
False
Is 4408 a multiple of 35?
False
Is 29 a factor of 11194?
True
Is 10708 a multiple of 202?
False
Does 87 divide 1131?
True
Does 5 divide 29045?
True
Is 63 a multiple of 7?
True
Does 36 divide 6120?
True
Does 13 divide 1371?
False
Is 32 a factor of 26047?
False
Does 134 divide 20636?
True
Is 59147 a multiple of 22?
False
Is 56 a factor of 11623?
False
Is 13 a factor of 2127?
False
Is 18 a factor of 14958?
True
Is 3009 a multiple of 16?
False
Is 2112 a multiple of 37?
False
Is 240 a multiple of 8?
True
Is 6564 a multiple of 12?
True
Does 68 divide 18836?
True
Is 37072 a multiple of 161?
False
Is 83 a